hat is -11 - 2302?
-2313
In base 11, what is -6 - 23?
-29
In base 6, what is 4 - 50403?
-50355
In base 12, what is -282 + 3?
-27b
In base 8, what is 0 + -54?
-54
In base 3, what is 211001101 - -12?
211001120
In base 9, what is 123 + -2?
121
In base 2, what is -1011010101 - -11?
-1011010010
In base 11, what is -813 + 5?
-809
In base 15, what is -36 + -15?
-4b
In base 12, what is 2 + 1a?
20
In base 6, what is -4 - 300?
-304
In base 4, what is 1303 + -20?
1223
In base 11, what is 100 + 6?
106
In base 14, what is 3 + 2a?
2d
In base 6, what is 3414 + 2?
3420
In base 6, what is 1240 - 1?
1235
In base 11, what is 119 + 12?
130
In base 15, what is -32 + -24?
-56
In base 5, what is -11231 + -3?
-11234
In base 16, what is -10 - 9?
-19
In base 4, what is 100211 - 0?
100211
In base 9, what is 0 - 121?
-121
In base 12, what is -24 + 14?
-10
In base 14, what is -169 + 1?
-168
In base 3, what is 121201 + 2?
121210
In base 10, what is -220 + 3?
-217
In base 5, what is -1 - 334?
-340
In base 16, what is -4 - 5c2?
-5c6
In base 5, what is -2 - 0?
-2
In base 5, what is 4 - 144?
-140
In base 10, what is 0 - -21?
21
In base 12, what is 4 + -129?
-125
In base 8, what is 4 + -21?
-15
In base 8, what is 310 - -2?
312
In base 15, what is 1 + 285?
286
In base 10, what is -10 - 288?
-298
In base 13, what is 5 + -19?
-14
In base 13, what is 18 - -6c?
87
In base 12, what is 123 + 55?
178
In base 3, what is -121 - -10?
-111
In base 7, what is -5 + -6025?
-6033
In base 4, what is 30 - 2?
22
In base 13, what is -89 - -2?
-87
In base 2, what is -100 + -110110100100?
-110110101000
In base 11, what is -2 + -49?
-50
In base 16, what is 4 + 50?
54
In base 6, what is 102 + -3?
55
In base 12, what is 5 + 232?
237
In base 14, what is -60b + 1?
-60a
In base 6, what is 144 - 3?
141
In base 13, what is 25 - 78a?
-765
In base 15, what is -8 + -2?
-a
In base 7, what is 1 - -431?
432
In base 7, what is 12 - 1?
11
In base 11, what is 4 - 158?
-154
In base 7, what is -63 + 1?
-62
In base 11, what is -3227 - 1?
-3228
In base 5, what is 1 + -120410?
-120404
In base 11, what is 16a90 - -4?
16a94
In base 16, what is -1 + -63?
-64
In base 16, what is c3 - -5?
c8
In base 6, what is -2123 - -32?
-2051
In base 6, what is 1 + 21213?
21214
In base 13, what is 294 - -2?
296
In base 14, what is -5 + -8c?
-93
In base 8, what is -106 - -14?
-72
In base 13, what is -1 - 38?
-39
In base 9, what is 1105 - -16?
1122
In base 5, what is 2 - 311?
-304
In base 2, what is 100 + -11001001?
-11000101
In base 14, what is 3d5 - 3?
3d2
In base 16, what is -4 + 530?
52c
In base 13, what is 58 + -1a?
3b
In base 4, what is -1 - 10031?
-10032
In base 12, what is 3 + 2a1?
2a4
In base 6, what is 1014 - -1?
1015
In base 7, what is 3311 + 4?
3315
In base 9, what is -2 + -33?
-35
In base 8, what is -10 - 143?
-153
In base 4, what is 202312 - 11?
202301
In base 4, what is 12013113 + -11?
12013102
In base 9, what is 5 - 12?
-6
In base 16, what is -7 - -155?
14e
In base 15, what is -4 + -244?
-248
In base 15, what is -ae2 - 2?
-ae4
In base 5, what is 1002 - -12?
1014
In base 10, what is 3 + -551?
-548
In base 15, what is 18 + 7?
20
In base 7, what is -64 - 0?
-64
In base 14, what is -8 - 98?
-a2
In base 6, what is -1253 - 3?
-1300
In base 5, what is 2041 - -4?
2100
In base 11, what is -4 + -2325?
-2329
In base 9, what is -15 - 136?
-152
In base 14, what is 4 - -38?
3c
In base 12, what is 419 - -3?
420
In base 5, what is 10 - -1134?
1144
In base 11, what is -2 - -547?
545
In base 9, what is -3 + -535?
-538
In base 5, what is 12203 + 10?
12213
In base 4, what is -2 - 33122?
-33130
In base 3, what is 110112 - 0?
110112
In base 4, what is -1210 + -3?
-1213
In base 14, what is a9 + -5?
a4
In base 9, what is -6 - 15?
-22
In base 11, what is 2 - -9a?
a1
In base 16, what is -55 + -2?
-57
In base 10, what is -3 - 0?
-3
In base 14, what is 5 - 265?
-260
In base 9, what is 5 - -203?
208
In base 5, what is -3101 + -32?
-3133
In base 9, what is -36 - -10?
-26
In base 13, what is -3 + 658?
655
In base 16, what is 23 + 3?
26
In base 14, what is -2 + 19b?
199
In base 11, what is 805a - 2?
8058
In base 6, what is 1 - -102?
103
In base 3, what is -10 + 220101?
220021
In base 2, what is -100 - -1101100?
1101000
In base 3, what is -2000220 - 12?
-2001002
In base 10, what is -12 - 12?
-24
In base 2, what is -11000101 - -100?
-11000001
In base 10, what is 1 - -2508?
2509
In base 10, what is 3 + 2448?
2451
In base 15, what is 2 + -47?
-45
In base 2, what is -10 - -110?
100
In base 4, what is 103003 + 33?
103102
In base 9, what is -26 - -4?
-22
In base 11, what is -6209 - 3?
-6211
In base 12, what is -5 - 32?
-37
In base 5, what is 111 + -10?
101
In base 15, what is 1cc + -3?
1c9
In base 15, what is 6 + 109?
110
In base 5, what is -1243 - -20?
-1223
In base 5, what is -10 - -120?
110
In base 11, what is -56a - 0?
-56a
In base 13, what is -3 + 155?
152
In base 4, what is 13031 - 21?
13010
In base 4, what is 110023 + -1?
110022
In base 16, what is -17d + 34?
-149
In base 6, what is 2 + 10300?
10302
In base 5, what is -33 - 414?
-1002
In base 15, what is 4 - -cb3?
cb7
In base 3, what is -10102 - 10000?
-20102
In base 4, what is 1223 + -11?
1212
In base 6, what is -1 + 54?
53
In base 9, what is 3 + 245?
248
In base 10, what is 0 - -859?
859
In base 3, what is 111021 - 0?
111021
In base 8, what is 2 - 46?
-44
In base 16, what is 2 - 14f?
-14d
In base 15, what is -5 + 16d?
168
In base 11, what is -2 - 5147?
-5149
In base 13, what is -1a61 + -3?
-1a64
In base 9, what is -31 - -445?
414
In base 15, what is 696 + 1?
697
In base 8, what is 441 - -2?
443
In base 4, what is 3 - 3223?
-3220
In base 8, what is 3 + -237?
-234
In base 16, what is -772 + 5?
-76d
In base 5, what is 1 + -1?
0
In base 3, what is -222 + 0?
-222
In base 2, what is -10111010 - -101?
-10110101
In base 5, what is 1104 + 2?
1111
In base 3, what is -10101110 - 100?
-10101210
In base 16, what is 2aa + -2?
2a8
In base 16, what is -6f4 + 3?
-6f1
In base 9, what is -542 - 3?
-545
In base 12, what is 52 + -2?
50
In base 12, what is -4 - -254?
250
In base 6, what is -4 - 315?
-323
In base 11, what is -4a2 + -3?
-4a5
In base 10, what is 3 + -260?
-257
In base 9, what is 21 + -15?
5
In base 4, what is -13100 + 0?
-13100
In base 13, what is -2 + a9?
a7
In base 14, what is 25 - -4?
29
In base 4, what is 3 - 10312?
-10303
In base 16, what is 7b - -5?
80
In base 4, what is 32 + -102312?
-102220
In base 13, what is 7785 - 3?
7782
In base 11, what is -5 - 22?
-27
In base 9, what is 345 + -3?
342
In base 5, what is -10 + -102?
-112
In base 16, what is -5 + 8?
3
In base 12, what is 12 - -a?
20
In base 4, what is -103 + -121?
-230
In base 14, what is 1 + 1307?
1308
In base 16, what is 2c4c + 4?
2c50
In base 14, what is 5 - -4c9?
4d0
In base 5, what is -23 + -101?
-124
In base 11, what is -90 - 20?
-100
In base 12, what is 21 - 169?
-148
In base 11, what is 23a + -1?
239
In base 15, what is -3e + -8?
-47
In base 6, what is -1 + 5012?
5011
In base 6, what is -22 - -3?
-15
In base 6, what is -4 - 331?
-335
In base 11, what is -215 + -5?
-21a
In base 12, what is 9a - 6?
94
In base 5, what is -2 + -2423?
-2430
In base 6, what is 3 - -2?
5
In base 12, what is -4 - -1399?
1395
In base 8, what is -2341 + 4?
-2335
In base 11, what is 4 + -630?
-627
In base 8, what is 5 + 3662?
3667
In base 9, what is -2 - -33?
31
In base 14, what is 2 + -1bc?
-1ba
In base 12, what is 5b6 + -5?
5b1
In base 13, what is 95c - 5?
957
In base 7, what is 133 - -6?
142
In base 12, what is -17 + 1a?
3
In base 16, what is 8e - 7?
87
In base 2, what is -111101000010 + -10?
-111101000100
In base 6, what is -45 - 4?
-53
In base 5, what is -1 - -331?
330
In base 13, what is 0 - 18a?
-18a
In base 3, what is -12 - -10102012?
10102000
In base 14, what is 4 + 1d?
23
In base 3, what is 11110 - -1?
11111
In base 12, what is 850 - 10?
840
In base 3, what is 101220222 - -11?
101221010
In base 12, what is -1a + -21?
-3b
In base 11, what is 444 - -4?
448
In base 5, what is 4 - 444?
-440
In base 8, what is 14 + -4?
10
In base 11, what is 124 - -10?
134
In base 7, what is 11 - -624?
635
In base 7, what is 32 - 11?
21
In base 15, what is -49e - 1?
-4a0
In base 14, what is 14b + -3?
148
In base 6, what is 50 + 430?
520
In base 7, what is 2 + -16?
-14
In base 5,